 n(1). Let c be (-10)/p - 5/3. What is the units digit of (-2)/(2/c)*6?
6
Let n be (-4)/((-48)/27)*-4. What is the units digit of 3/n*(-15)/1?
5
Suppose s + 15 = 40. Let o = s - 14. What is the tens digit of o?
1
Suppose -5*m + 498 = -417. What is the units digit of m?
3
Suppose -5*o + 72 = -2*o. Let y = 39 - o. What is the tens digit of y?
1
Let v = 36 - -198. What is the hundreds digit of v?
2
Let y(g) = g + 9. Let w be y(-9). Let v(f) = f**2 + f + 6. Let q be v(0). Suppose -q = -3*k - w*k. What is the units digit of k?
2
Let n = 68 + -15. Suppose -n = -5*t + 217. Suppose g + k = -2*k, -5*g + t = -3*k. What is the units digit of g?
9
Let t(w) = -w + 2. What is the units digit of t(-6)?
8
Let h(c) = c**2 + 3*c - 1. Suppose -3*q = 2*q - f + 44, 4*q - 4*f = -48. Let o be 1/4 + 42/q. What is the units digit of h(o)?
9
Let b be (0*(2 + -3))/3. What is the units digit of (-3)/((-9)/33 + b)?
1
Suppose 0 = b - 7 - 3. Let c = -8 + b. What is the tens digit of 36/(c/1) + 3?
2
Let g(p) = -p**2 - 6*p. Let t be (3/4)/(8/(-32)). What is the units digit of g(t)?
9
Suppose 4*b + 3*t - 11 = 0, 2*b = b - 4*t - 7. What is the units digit of b?
5
Suppose -2*r + 4*r = 0. Let o = -1 - r. Let x = 2 + o. What is the units digit of x?
1
Suppose -n - 4*a + 166 = 0, 549 = -2*n + 5*n - 5*a. What is the tens digit of n?
7
Let i be 3/(-9)*-1*51. Suppose 5*r = i - 2. Suppose r*f + 0*f - 36 = 0. What is the tens digit of f?
1
Let o(l) = 5*l**3 - l**2 + l. Suppose -4 + 0 = -4*p. Let f be o(p). Let b = f + 4. What is the units digit of b?
9
Let p = -21 + 47. Suppose 2*o - p + 10 = 0. What is the units digit of o?
8
Suppose -y + 2*p + 2*p + 165 = 0, -4*p = 4*y - 760. Suppose -4*m + 9*m = y. What is the units digit of m?
7
Suppose -17 = 10*w - 11*w. What is the units digit of w?
7
Let f(s) = -4*s + 12. What is the tens digit of f(-19)?
8
What is the units digit of ((-14)/35)/((-1)/30)?
2
Let d be (6/18)/(2/12). Suppose d*w - 3*w = -27. What is the units digit of w?
7
Suppose 0 = -8*t + 4*t + 8. Suppose -t*m = -5*m + 129. Suppose -2*q = 3*n - m, -2*n - n - q = -38. What is the units digit of n?
1
Suppose -2*z + 61 + 75 = 0. What is the units digit of z?
8
Suppose 3*w = -2*w + 35. Suppose -g = -p - w, -2*g - p + 22 = -5*p. What is the units digit of g?
3
Let u = 5 + 48. What is the units digit of u?
3
Let l be 4/(-10) + (-56)/10. Suppose -7*v + 10*v = 30. Let y = v + l. What is the units digit of y?
4
Let t(m) = -m**3 + 4*m**2 - 3*m + 1. Let z be t(2). Let u be 8/z - (-2)/(-3). Suppose 1 = 3*j - u. What is the units digit of j?
1
Suppose 3 = 3*j - y, -2*j + 4*j - 3 = y. Suppose u - 4 = -j. What is the units digit of u?
4
Let q(f) = 5*f**3 + 7*f**2 - 12*f - 9. Let s(a) = -a**3 + a + 1. Let m(y) = -q(y) - 6*s(y). Let z be m(6). What is the units digit of 20/5*(z + -2)?
4
Let u = -18 + 29. Let c = 19 - u. What is the units digit of c?
8
Let w = -8 - -2. Let r(s) = -4*s**3 - 6*s**2 + 3*s**3 - 6 - s**2 - 8*s. What is the units digit of r(w)?
6
Suppose 4*u - 132 = 3*n, 2*u = u. Let y = n - -94. What is the tens digit of y?
5
Suppose -2*i + 84 = -4*y, -4*i + y = -8*i + 159. Suppose w - i = -3*w. What is the tens digit of w?
1
Let k = 43 + 133. What is the tens digit of k?
7
Let a(m) be the third derivative of m**4/12 - m**3 - 2*m**2. Suppose -3*n + 26 = n + r, 3*n = 5*r + 8. What is the units digit of a(n)?
6
Let j(n) = 2*n**2 - 2*n + n + 4*n**2 + 6*n**2. Suppose 0 = -0*r + 2*r + 2. What is the tens digit of j(r)?
1
What is the tens digit of 97*(20/(-5) - -5)?
9
Suppose -2*x = 4 + 8. Let f = x - -11. Suppose f*i = 29 + 6. What is the units digit of i?
7
Let w be 1 - 3 - -1 - -4. What is the units digit of ((-9)/3 - w)/(-2)?
3
Let s(l) = l**2 - 3*l - 4. Let i be s(4). Suppose 5*v + 45 = 5*k, -v = 3*k - 9 - 2. Let m = i - v. What is the units digit of m?
4
Suppose 8*i - 3*i = 4*d + 425, -5*d - 187 = -2*i. Suppose 0 = -h - 2*h + i. What is the tens digit of h?
2
Let i be (0 + -35)*(-26)/5. Suppose -4*y - 62 = -i. Suppose -3*z + 20 = 2*m - m, 3*z + 3*m = y. What is the units digit of z?
5
Suppose -2 - 14 = -2*l. Suppose z - 5 = 0, 5*z - 2 - 19 = 4*o. What is the tens digit of (o*l)/((-10)/(-15))?
1
Suppose 4*k = -3*j - 20, -j + 1 + 4 = -k. Suppose j = -5*n + 7 + 3. Suppose n*l = 5 + 3. What is the units digit of l?
4
Suppose -2*p = i + 11, -4*p + 0*p - i - 27 = 0. Let l = p + 17. What is the units digit of l?
9
Let d(q) = -q**2 - 4*q - 3. Let x be d(-2). Let w = x + 53. What is the units digit of w?
4
Let t(w) be the second derivative of w**6/120 - w**5/20 - w**4/8 - w**2/2 + w. Let a(r) be the first derivative of t(r). What is the units digit of a(4)?
4
Let i = 74 - 20. What is the tens digit of i?
5
Suppose -4*l + 3 = -13. Suppose 2*s + l*n = 26, 4*s - 3*n = -7*n + 36. What is the units digit of s?
5
Let k(g) = g**3. Let f be k(1). Let v = 3 - f. Suppose -5*o = -v*u + 5, 2*u - 5 = -o + 6. What is the units digit of o?
1
Let x = 4 - 13. What is the units digit of 3/x*(-101 - 1)?
4
What is the tens digit of 4/(-6)*(-90)/4?
1
Let f = -44 + 63. What is the tens digit of f?
1
Let k(z) be the second derivative of 1/6*z**3 - 2*z - 2*z**2 + 0. What is the units digit of k(7)?
3
Let c(v) = -3*v + 7. Let t be 6/(11/(-4) + 2). What is the units digit of c(t)?
1
Suppose -y + 0*y = 0. Let b(d) = 1 - 2*d - 2 + 0 + y. What is the units digit of b(-1)?
1
Suppose 2*r + 4*m = 7*r - 178, -4*r - 5*m + 167 = 0. What is the units digit of r?
8
Suppose -12*t + 105 = -7*t. What is the tens digit of t?
2
Let n(r) = r**3 - 1. Let u be n(1). Suppose -4*g - g - 4*h = -20, -2*g - 5*h - 9 = u. What is the units digit of g?
8
Let k(v) = 5*v**2 - 10*v - 8. Let i(t) = 2*t**2 - 3*t - 3. Let d(n) = 8*i(n) - 3*k(n). What is the tens digit of d(-8)?
1
Let p = 57 - 34. What is the tens digit of p?
2
Let o be (-3 + 5 - 2)*1. Suppose 3*z - 60 + 15 = o. What is the tens digit of z?
1
Suppose 296 = -42*q + 46*q. What is the tens digit of q?
7
What is the tens digit of 0 - 4 - -132 - -2?
3
Suppose -i + 5 = s + 2*i, -3*s - 2*i = -29. What is the tens digit of s?
1
Let q be 9*(28/3)/4. Suppose q - 3 = 3*f. Suppose 8 = f*v - 2*v. What is the units digit of v?
2
Let l(y) = -y - 7. Let b(d) = -1. Let t(v) = 14*b(v) - 2*l(v). Let s be t(1). Suppose -4*i + 39 = z - 13, -s*i + 40 = 4*z. What is the tens digit of i?
1
What is the tens digit of (24/(-9))/((-6)/63)?
2
Let m(c) = c - 8. Let b be m(8). Suppose w - 7 = 2*g, -32 = -2*w - 0*g - 2*g. Suppose 2*h - 3*h - w = -4*s, b = 3*s - 2*h - 6. What is the units digit of s?
4
Let v(y) = 7*y**2 + y + 2. What is the tens digit of v(2)?
3
Suppose 5*d - 4 + 19 = -2*w, 3*d + 2*w = -9. Let j = d + 13. Suppose 0 = 2*y - 0*y - j. What is the units digit of y?
5
Let j(i) = -i**2 - 11*i + 23. What is the units digit of j(-12)?
1
Let o(x) = 60*x + 1. What is the units digit of o(1)?
1
Suppose 3*y - 30 = 147. What is the tens digit of y?
5
Suppose -5*s - 30 = -d, -2*d + 5*d - 4*s = 79. Let l = 40 - d. What is the tens digit of l?
1
Let t be ((-32)/(-12))/(2/3). Let w = -6 - -2. Let z = t - w. What is the units digit of z?
8
Suppose 0 = -4*s + s + 24. Let h(k) = -k**3 + 7*k**2 + 3*k + 10. Let u be h(s). What is the units digit of 4/(-14) - u/7?
4
Suppose 0 = -2*q - q. Suppose q = -5*j + 2*p + 187, 2*p + 2*p = 5*j - 189. What is the tens digit of j?
3
Let i(j) = j**3 + 4*j**2 - 2*j + 3. Let x(l) = l**3 - l**2 + l - 3. Let t be x(0). Let b be i(t). Suppose u + u = b. What is the units digit of u?
9
Let d(w) = -w**3 - 2*w**2 - 3*w + 2. Let n be d(3). Let g = 80 + n. What is the tens digit of g?
2
Suppose -2*j + 144 = s, 6*s = 3*s + 6. What is the units digit of j?
1
Let g = 8 - -12. What is the units digit of g?
0
What is the tens digit of (-148)/8*(0 - 2)?
3
Let c(p) = -p**2 + 7*p - 4. Let x be c(6). Let q(d) = x*d - 3*d - 8 + 3. What is the units digit of q(-9)?
4
What is the units digit of 25*(2 - -1) + 0/(-1)?
5
Let j = -405 - -165. What is the units digit of j/(-39) + 6/(-39)?
6
Suppose -47 = -5*b + 73. What is the units digit of b?
4
What is the units digit of 1130/18 - 6/(-27)?
3
Let t(a) = 3*a**3 - 7*a**2 - 5*a + 4. Let f(m) = -4*m**3 + 11*m**2 + 7*m - 6. Let n(r) = -5*f(r) - 7*t(r). What is the units digit of n(-6)?
2
Suppose -2*b = b - 15. Suppose -2*s + g = s - 38, -3 = 2*s + b*g. What is the